-14 (base 7) to base 9.
-12
1a (base 16) to base 14
1c
What is 3 (base 10) in base 4?
3
Convert 0 (base 3) to base 2.
0
-21110 (base 3) to base 16
-c9
-22001 (base 3) to base 7
-430
Convert -210 (base 4) to base 15.
-26
-62 (base 15) to base 7
-161
Convert 121 (base 7) to base 14.
48
-12000 (base 3) to base 4
-2013
Convert -30 (base 5) to base 16.
-f
Convert -8 (base 11) to base 13.
-8
What is -3 (base 14) in base 5?
-3
-102 (base 4) to base 16
-12
Convert -2 (base 12) to base 11.
-2
What is -1 (base 10) in base 6?
-1
Convert -344 (base 6) to base 11.
-114
-21 (base 15) to base 13
-25
-65 (base 11) to base 2
-1000111
What is -104 (base 5) in base 2?
-11101
What is -1 (base 16) in base 3?
-1
Convert -100 (base 3) to base 2.
-1001
Convert -65 (base 12) to base 13.
-5c
0 (base 4) to base 11
0
-110001 (base 2) to base 10
-49
-16 (base 10) to base 8
-20
What is 321 (base 9) in base 14?
14a
-11111 (base 2) to base 4
-133
What is -a (base 11) in base 12?
-a
Convert 52 (base 11) to base 5.
212
What is 0 (base 4) in base 6?
0
Convert 131 (base 4) to base 11.
27
What is 0 (base 14) in base 15?
0
46 (base 10) to base 5
141
74 (base 10) to base 11
68
-2120 (base 3) to base 8
-105
Convert 0 (base 3) to base 7.
0
Convert -13 (base 10) to base 2.
-1101
-d0 (base 14) to base 16
-b6
0 (base 8) to base 12
0
Convert 1 (base 16) to base 15.
1
-110011 (base 2) to base 5
-201
Convert 0 (base 16) to base 7.
0
What is 0 (base 14) in base 6?
0
What is -71 (base 11) in base 7?
-141
5 (base 10) to base 4
11
What is -41 (base 9) in base 4?
-211
Convert 87 (base 11) to base 15.
65
Convert a (base 12) to base 6.
14
What is 64 (base 11) in base 16?
46
What is 11 (base 6) in base 15?
7
What is -201 (base 4) in base 15?
-23
What is 52 (base 15) in base 9?
85
3 (base 7) to base 15
3
Convert -43 (base 7) to base 11.
-29
-10000 (base 2) to base 14
-12
-3 (base 15) to base 16
-3
What is -62 (base 11) in base 8?
-104
What is -100 (base 2) in base 8?
-4
Convert -101 (base 6) to base 13.
-2b
1 (base 4) to base 2
1
What is 10 (base 5) in base 12?
5
What is -11 (base 15) in base 9?
-17
-111 (base 3) to base 2
-1101
What is -2 (base 7) in base 4?
-2
Convert 10111 (base 2) to base 16.
17
-89 (base 11) to base 7
-166
What is -11 (base 2) in base 13?
-3
What is 2 (base 14) in base 7?
2
0 (base 13) to base 9
0
What is 1a3 (base 11) in base 3?
22200
Convert 0 (base 5) to base 7.
0
What is 1 (base 5) in base 4?
1
Convert 45 (base 16) to base 4.
1011
3 (base 14) to base 4
3
Convert -1100 (base 2) to base 16.
-c
What is 35 (base 12) in base 13?
32
Convert 98 (base 10) to base 7.
200
Convert 35 (base 10) to base 14.
27
Convert 440 (base 5) to base 4.
1320
3 (base 16) to base 13
3
-3 (base 10) to base 2
-11
-10 (base 2) to base 6
-2
What is -3 (base 10) in base 9?
-3
What is 29 (base 13) in base 7?
50
What is -2 (base 16) in base 9?
-2
Convert 6 (base 13) to base 3.
20
Convert 1 (base 14) to base 12.
1
What is -1101 (base 4) in base 11?
-74
What is 7 (base 13) in base 11?
7
Convert -10 (base 7) to base 11.
-7
Convert -7 (base 11) to base 3.
-21
What is 3c (base 13) in base 7?
102
Convert 53 (base 14) to base 16.
49
Convert 45 (base 12) to base 4.
311
Convert -203 (base 6) to base 11.
-69
What is -186 (base 11) in base 15?
-e5
-2 (base 5) to base 7
-2
What is 10 (base 12) in base 2?
1100
What is -2 (base 4) in base 6?
-2
Convert -31 (base 9) to base 14.
-20
Convert -2 (base 4) to base 3.
-2
Convert 11b (base 14) to base 15.
eb
What is -5 (base 12) in base 16?
-5
110 (base 4) to base 8
24
-10 (base 2) to base 11
-2
What is 1 (base 15) in base 4?
1
What is 1 (base 5) in base 14?
1
Convert 55 (base 14) to base 16.
4b
Convert -2 (base 4) to base 12.
-2
What is 2221 (base 4) in base 16?
a9
Convert 221 (base 3) to base 2.
11001
-1b (base 15) to base 2
-11010
Convert 20 (base 7) to base 8.
16
1210 (base 3) to base 16
30
What is -41 (base 5) in base 14?
-17
Convert -32 (base 4) to base 2.
-1110
18 (base 10) to base 9
20
Convert -82 (base 10) to base 6.
-214
What is -bd (base 15) in base 12?
-12a
-c9 (base 15) to base 16
-bd
10 (base 2) to base 7
2
Convert -4 (base 9) to base 10.
-4
What is c4 (base 15) in base 8?
270
Convert -3 (base 9) to base 12.
-3
Convert -80 (base 9) to base 6.
-200
11 (base 2) to base 15
3
Convert 21 (base 15) to base 9.
34
6 (base 11) to base 16
6
2 (base 12) to base 10
2
What is 1110 (base 2) in base 16?
e
207 (base 8) to base 13
a5
Convert -2 (base 4) to base 10.
-2
0 (base 5) to base 7
0
Convert 6 (base 13) to base 11.
6
What is -35 (base 10) in base 2?
-100011
Convert 200 (base 8) to base 11.
107
-124 (base 9) to base 7
-205
What is 201 (base 6) in base 13?
58
-3 (base 9) to base 14
-3
What is -4 (base 5) in base 6?
-4
Convert 1032 (base 4) to base 11.
71
4a (base 12) to base 14
42
What is 13 (base 5) in base 4?
20
What is -3 (base 12) in base 10?
-3
Convert 3 (base 7) to base 14.
3
What is 10 (base 2) in base 11?
2
67 (base 12) to base 6
211
What is -100 (base 2) in base 13?
-4
-131 (base 6) to base 10
-55
-251 (base 11) to base 14
-174
What is -334 (base 8) in base 6?
-1004
20 (base 9) to base 6
30
Convert -30 (base 5) to base 12.
-13
-6 (base 11) to base 9
-6
Convert -20 (base 5) to base 10.
-10
Convert -110101 (base 2) to base 3.
-1222
What is 5 (base 14) in base 2?
101
5 (base 7) to base 8
5
-111 (base 2) to base 8
-7
-1103 (base 4) to base 5
-313
Convert 52 (base 14) to base 2.
1001000
What is -3d (base 16) in base 13?
-49
What is 10 (base 5) in base 3?
12
11111 (base 4) to base 9
418
Convert 4 (base 12) to base 11.
4
Convert 20 (base 5) to base 4.
22
-2 (base 3) to base 2
-10
What is -110 (base 8) in base 11?
-66
What is -2 (base 8) in base 16?
-2
-19 (base 16) to base 11
-23
44 (base 14) to base 15
40
-81 (base 9) to base 6
-201
9d (base 16) to base 11
133
What is -1220 (base 5) in base 4?
-2321
What is -17 (base 9) in base 16?
-10
b (base 14) to base 13
b
Convert 7 (base 9) to base 5.
12
What is -2 (base 16) in base 10?
-2
Convert -1020 (base 3) to base 16.
-21
Convert 212 (base 3) to base 7.
32
-161 (base 12) to base 11
-188
Convert 11111 (base 2) to base 5.
111
What is -10 (base 2) in base 9?
-2
-22 (base 10) to base 15
-17
-1 (base 3) to base 2
-1
-10 (base 10) to base 13
-a
4 (base 12) to base 5
4
Convert -141 (base 5) to base 15.
-31
What is -11 (base 15) in base 8?
-20
-13 (base 12) to base 16
-f
Convert -3 (base 6) to base 14.
-3
33 (base 6) to base 9
23
What is 2 (base 4) in base 9?
2
What is 2 (base 6) in base 4?
2
-5 (base 14) to base 15
-5
Convert -7 (base 10) to base 14.
-7
What is 1100 (base 3) in base 11?
33
Convert -24 (base 5) to base 9.
-15
Convert 12 (base 3) to base 9.
5
21 (base 8) to base 3
122
What is 10 (base 3) in base 8?
3
What is -155 (base 6) in base 12?
-5b
What is -7b (base 13) in base 5?
-402
Convert 6 (base 15) to base 10.
6
Convert -2 (base 10) to base 9.
-2
What is -51 (base 8) in base 6?
-105
Convert -8 (base 11) to base 9.
-8
Convert 0 (base 4) to base 13.
0
Convert 3 (base 10) to base 16.
3
What is 300 (base 6) in base 10?
108
Convert 144 (base 11) to base 16.
a9
What is 7 (base 13) in base 7?
10
Convert -5 (base 9) to base 15.
-5
Convert -1c2 (base 14) to base 9.
-446
Convert 90 (base 10) to base 15.
60
What is 335 (base 8) in base 7?
434
Convert -13 (base 14) to base 7.
-23
What is af (base 16) in base 3?
20111
d (base 15) to base 2
1101
What is -16 (base 7) in base 3?
-111
Convert -2 (base 14) to base 6.
-2
Convert 3d (base 15) to base 14.
42
-82 (base 12) to base 10
-98
What is -46 (base 9) in base 4?
-222
What is 310 (base 7) in base 16?
9a
Convert 112 (base 6) to base 16.
2c
-42 (base 16) to base 11
-60
Convert 9 (base 14) to base 12.
9
Convert 66 (base 10) to base 14.
4a
What is 145 (base 7) in base 12?
6a
-2 (base 4) to base 5
-2
What is 101 (base 2) in base 7?
5
What is 6 (base 8) in base 7?
6
12 (base 3) to base 13
5
0 (base 2) to base 10
0
Convert -13 (base 11) to base 15.
-e
-30 (base 16) to base 7
-66
What is 11 (base 9) in base 4?
22
Convert 123 (base 4) to base 9.
30
0 (base 14) to base 13
0
What is -17 (base 9) in base 8?
-20
3 (base 15) to base 10
3
What is -1000001 (base 2) in base 10?
-65
What is -12 (base 11) in base 15?
-d
-1 (base 14) to base 5
-1
-31 (base 5) to base 16
-10
22101 (base 3) to base 8
342
Co